 59509619?
53
Calculate the highest common factor of 1329662628 and 8238.
8238
Calculate the highest common divisor of 4625010 and 3978.
234
What is the highest common divisor of 51779 and 85813?
91
What is the greatest common factor of 67805882 and 23830?
4766
What is the greatest common factor of 13673423 and 194633?
1819
What is the greatest common factor of 287 and 482116663?
287
What is the greatest common divisor of 463 and 914345364?
463
Calculate the greatest common divisor of 495 and 251399907.
99
What is the greatest common factor of 13600090 and 59570?
2590
What is the greatest common factor of 29450514 and 8802?
978
Calculate the highest common divisor of 34542 and 179263890.
1818
Calculate the greatest common divisor of 1668 and 7031871.
417
Calculate the highest common factor of 72205899 and 1329.
1329
Calculate the greatest common divisor of 2 and 12911052.
2
What is the greatest common factor of 250110 and 93240?
630
Calculate the greatest common divisor of 5884 and 22276.
4
What is the highest common factor of 128526 and 3837123?
2073
What is the greatest common divisor of 2358 and 7731227?
131
What is the highest common factor of 604005 and 7221015?
9015
Calculate the highest common factor of 40358 and 775846.
34
Calculate the highest common divisor of 5548 and 116216.
292
What is the highest common factor of 22236744 and 450456?
3288
What is the greatest common factor of 7878 and 3206736?
78
What is the highest common factor of 8767 and 131065?
11
Calculate the highest common factor of 1713241 and 682351.
4909
Calculate the highest common factor of 34089865 and 7880.
985
What is the greatest common divisor of 56978 and 2976?
62
What is the greatest common factor of 12869591 and 1624?
203
Calculate the highest common divisor of 764590375 and 9700.
2425
Calculate the highest common divisor of 7410888 and 6504.
24
What is the highest common factor of 564 and 410221452?
564
What is the greatest common factor of 10173768 and 2695858?
9526
Calculate the greatest common divisor of 62928337 and 626.
313
What is the greatest common divisor of 478089572 and 17?
17
What is the greatest common divisor of 4929892 and 1672?
836
What is the greatest common divisor of 47306546 and 1130?
226
Calculate the greatest common factor of 292 and 12160194.
146
Calculate the greatest common factor of 2124624 and 7008.
48
What is the highest common factor of 124 and 21593732?
124
Calculate the greatest common factor of 358 and 498430154.
358
What is the highest common divisor of 6945 and 91378143?
1389
What is the highest common factor of 6080928 and 448?
224
Calculate the highest common factor of 8607 and 965865.
57
What is the greatest common factor of 1062 and 736610634?
1062
What is the greatest common factor of 3570 and 1522010?
1190
Calculate the highest common divisor of 4590 and 9368496.
306
What is the greatest common divisor of 273 and 230559?
21
Calculate the highest common divisor of 6583128 and 25284.
516
What is the greatest common divisor of 10783 and 21484?
41
Calculate the greatest common factor of 245868 and 30235910.
5854
Calculate the highest common divisor of 201489572 and 172.
172
What is the highest common divisor of 123674480 and 240?
80
Calculate the highest common factor of 27 and 27926559.
27
What is the greatest common divisor of 108966390 and 1626?
1626
Calculate the greatest common factor of 89148429 and 5661.
333
Calculate the greatest common divisor of 172725 and 197715.
735
What is the highest common divisor of 68 and 7317055?
17
Calculate the greatest common divisor of 1289322 and 3546.
18
Calculate the greatest common factor of 5797 and 1769852.
31
What is the highest common divisor of 2251184 and 130?
26
Calculate the greatest common factor of 94905 and 7999.
19
Calculate the highest common factor of 254852 and 988.
52
What is the greatest common divisor of 88 and 10009912?
88
Calculate the greatest common divisor of 31688992 and 144.
16
What is the greatest common factor of 6707167 and 219?
73
Calculate the highest common factor of 4318 and 109474.
254
Calculate the highest common factor of 533983 and 37133.
523
What is the greatest common divisor of 18 and 1439124?
6
Calculate the highest common divisor of 1883 and 6109797.
269
What is the greatest common factor of 29 and 34512059?
29
Calculate the greatest common divisor of 5472 and 1014368.
32
What is the greatest common factor of 4415 and 228758810?
4415
Calculate the greatest common factor of 21335652 and 148.
4
Calculate the highest common factor of 1430 and 710905.
65
What is the greatest common factor of 5210 and 566327?
521
Calculate the highest common factor of 116 and 27984536.
116
Calculate the greatest common factor of 4141 and 1628356.
41
What is the greatest common divisor of 455 and 25155935?
35
Calculate the greatest common factor of 5755022 and 8736.
182
Calculate the greatest common divisor of 313170 and 29826.
6
What is the highest common factor of 50 and 203319900?
50
What is the greatest common divisor of 2 and 166284558?
2
What is the highest common divisor of 81 and 76473369?
27
Calculate the highest common divisor of 79837577 and 10015.
2003
What is the highest common divisor of 84753 and 125037?
27
Calculate the highest common factor of 1615721 and 311840.
1949
Calculate the greatest common divisor of 13837195 and 90275.
785
Calculate the greatest common divisor of 4580 and 13910834.
458
Calculate the highest common divisor of 56 and 12089679.
7
Calculate the highest common factor of 274 and 43401737.
137
What is the highest common factor of 9475920 and 9430?
410
What is the greatest common factor of 931476535 and 2365?
2365
What is the highest common factor of 310 and 158908015?
155
Calculate the highest common divisor of 228097618 and 167.
167
Calculate the greatest common factor of 32187170 and 5.
5
Calculate the highest common factor of 6748 and 233722041.
1687
Calculate the greatest common divisor of 68641154 and 46.
46
Calculate the greatest common divisor of 9450765 and 114021.
927
What is the greatest common factor of 7975 and 2009062?
319
What is the greatest common divisor of 14678 and 314682?
358
Calculate the highest common divisor of 151 and 1507865917.
151
What is the greatest common divisor of 335 and 74345?
5
Calculate the highest common divisor of 3190081239 and 73.
73
Calculate the greatest common divisor of 4473 and 4177143.
639
Calculate the greatest common divisor of 322112256 and 768.
768
What is the highest common divisor of 4840 and 12490?
10
What is the greatest common divisor of 1344 and 1430709?
21
Calculate the highest common factor of 17745 and 28561.
169
What is the highest common divisor of 7689 and 2698754421?
7689
Calculate the highest common factor of 280055568 and 336.
48
What is the greatest common divisor of 26627468 and 644?
644
Calculate the greatest common factor of 1066 and 20510698.
26
What is the greatest common factor of 1564250036 and 74?
74
Calculate the highest common divisor of 1625 and 414888175.
325
What is the highest common factor of 2676609 and 83421?
117
What is the greatest common divisor of 3834 and 439614?
54
Calculate the greatest common divisor of 73917 and 837153.
1719
Calculate the highest common factor of 3008 and 5327685.
47
Calculate the highest common factor of 10885028 and 11.
11
What is the highest common factor of 55 and 141224380?
55
Calculate the greatest common factor of 17394 and 10467174.
1338
Calculate the greatest common divisor of 16320 and 271644.
12
What is the greatest common factor of 243475838 and 46?
46
Calculate the highest common factor of 651 and 825315666.
651
What is the greatest common factor of 65400 and 15780?
60
Calculate the highest common divisor of 673457715 and 2205.
2205
Calculate the greatest common divisor of 135 and 2605986.
27
What is the greatest common divisor of 24417304 and 3624?
1208
What is the greatest common factor of 2031 and 1863?
3
What is the greatest common divisor of 1100 and 21324950?
50
What is the greatest common factor of 4085390 and 20?
10
Calculate the highest common factor of 359 and 15869954.
359
What is the greatest common factor of 896554594 and 26?
26
Calculate the highest common factor of 152838960 and 320.
80
